{"id":905,"date":"2025-05-09T09:46:40","date_gmt":"2025-05-09T09:46:40","guid":{"rendered":"https:\/\/vet-ac.de\/?page_id=905"},"modified":"2025-05-09T09:50:37","modified_gmt":"2025-05-09T09:50:37","slug":"kein-titel-2","status":"publish","type":"page","link":"https:\/\/vet-ac.de\/?page_id=905","title":{"rendered":"Stelle frei !!!"},"content":{"rendered":"\n<h2>\n\t\tTMFA gesucht\n\t<\/h2>\nPutzfrau gesucht!\n&#8230;. das ist oft das, was einige Praxen meinen, wenn ein\/e TMFA gesucht wird. <strong>Bei uns aber nicht!<\/strong>\nWir suchen eine\/n TMFA, der oder die mehr aus dem Beruf machen m\u00f6chte als Tische abwischen und Kot aufsammeln.\nWir suchen Zuwachs f\u00fcr unsere Team-Familie: jemand, der bereit ist\n\u00a0\u00a0 -mehr aus seinen F\u00e4higkeiten zu machen\n\u00a0\u00a0 -Bereitschaft zeigt, Verantwortung zu \u00fcbernehmen\n\u00a0\u00a0 -sich auf einem Gebiet fortzubilden und dieses Wissen aktiv in die Betreuung unserer Patienten einzubringen und\n\u00a0\u00a0 &#8211; Teil eines wirklichen Teams zu werden, das f\u00fcreinander einsteht und f\u00fcr das \u201eZickenterror&#8220; lediglich auf einer Ziegenwiese existiert.\nWir sind eine aufstrebende Tier\u00e4rztliche Praxis f\u00fcr Kleintiere mit Kliniksausstattung (Digitales R\u00f6ntgen, (Herz)Ultraschall, Zahnr\u00f6ntgen, Endoskopie, eigenes Labor, modernes Narkosemonitoring&#8230;..) in Aachen. Und wir sind bestrebt &#8211; \u00e4hnlich der Humanmedizin &#8211; dass TMFA mehr aktiv machen k\u00f6nnen, sei es Braun\u00fcle legen oder Blut nehmen, &#8230;.\nInteresse? Wir suchen ab sofort eine\/n TMFA (m\/w\/d), gerne in Vollzeit.\nBewerbungen bitte ausschlie\u00dflich an Bewerbungen@vet-ac.de. Wir freuen uns auf Sie!\nDas Team von Koch+ Kollegen\n\n","protected":false},"excerpt":{"rendered":"<p>TMFA gesucht Putzfrau gesucht! &#8230;. das ist oft das, was einige Praxen meinen, wenn ein\/e TMFA gesucht wird. Bei uns aber nicht! Wir suchen eine\/n&hellip;<\/p>\n","protected":false},"author":1,"featured_media":0,"parent":0,"menu_order":0,"comment_status":"closed","ping_status":"closed","template":"","meta":{"footnotes":""},"class_list":["post-905","page","type-page","status-publish","hentry"],"_links":{"self":[{"href":"https:\/\/vet-ac.de\/index.php?rest_route=\/wp\/v2\/pages\/905","targetHints":{"allow":["GET"]}}],"collection":[{"href":"https:\/\/vet-ac.de\/index.php?rest_route=\/wp\/v2\/pages"}],"about":[{"href":"https:\/\/vet-ac.de\/index.php?rest_route=\/wp\/v2\/types\/page"}],"author":[{"embeddable":true,"href":"https:\/\/vet-ac.de\/index.php?rest_route=\/wp\/v2\/users\/1"}],"replies":[{"embeddable":true,"href":"https:\/\/vet-ac.de\/index.php?rest_route=%2Fwp%2Fv2%2Fcomments&post=905"}],"version-history":[{"count":3,"href":"https:\/\/vet-ac.de\/index.php?rest_route=\/wp\/v2\/pages\/905\/revisions"}],"predecessor-version":[{"id":909,"href":"https:\/\/vet-ac.de\/index.php?rest_route=\/wp\/v2\/pages\/905\/revisions\/909"}],"wp:attachment":[{"href":"https:\/\/vet-ac.de\/index.php?rest_route=%2Fwp%2Fv2%2Fmedia&parent=905"}],"curies":[{"name":"wp","href":"https:\/\/api.w.org\/{rel}","templated":true}]}}